0
Let p(q) = 9*q + 648. Calculate p(-71).
9
Let p(m) = 3*m - 74. Determine p(27).
7
Let a(m) = m**3 - 2*m**2 + 5*m + 3. Determine a(4).
55
Let h(v) = v**2 + 4*v + 7. Give h(6).
67
Let o(g) = g**3 + 15*g**2 - 17*g - 19. What is o(-16)?
-3
Let b(w) = -w**3 + 14*w**2 - 29*w + 17. Calculate b(11).
61
Let s(n) = n**3 + 15*n**2 + 26*n + 4. Determine s(-13).
4
Let b(r) = -r**2 + 19*r + 31. Give b(21).
-11
Let l(q) = -40*q + 86. Give l(2).
6
Let s(j) = 2*j - 4. Give s(1).
-2
Let l(t) = 10*t - 47. Calculate l(6).
13
Let l(k) = k**2 + 23*k - 65. Determine l(3).
13
Let k(w) = w**3 + 28*w**2 + 53*w + 20. Calculate k(-26).
-6
Let n(o) = -2*o. Give n(5).
-10
Let m(w) = w**3 + 2*w**2 - 5*w - 3. Calculate m(-3).
3
Let u(k) = k**2 - 2*k + 3. Calculate u(-4).
27
Let f(w) = 4*w - 5. Determine f(1).
-1
Let r(x) = -2*x + 7. Calculate r(6).
-5
Let k(q) = q**2 + 6. Calculate k(4).
22
Let u(k) = 2*k**2 - 17*k + 54. Calculate u(8).
46
Let q(s) = -2*s**3 - 97*s**2 - 48*s - 8. Give q(-48).
-8
Let m(v) = -v**2 - 7*v + 3. Give m(-7).
3
Let k(j) = j**2 + 4*j - 3. Give k(0).
-3
Let g(t) = t**2 + 16*t - 9. Determine g(-13).
-48
Let u(t) = 8*t - 24. What is u(-10)?
-104
Let m(n) = -22*n - 5. Determine m(-2).
39
Let n(q) = 3*q**2 - 37*q + 45. Calculate n(11).
1
Let q(d) = d**3 + 3*d**2 - d - 2. What is q(-5)?
-47
Let i(b) = -23*b**2 + 4. Determine i(-2).
-88
Let w(h) = 27*h + 167. Determine w(-7).
-22
Let h(w) = -w**2 + 8*w + 4. Determine h(9).
-5
Let z(h) = -h**2 - h + 34. Calculate z(0).
34
Let z(q) = -q**3 - 2*q**2 - 2. Give z(-4).
30
Let l(w) = 2*w + 5. Determine l(-4).
-3
Let g(a) = -3*a + 34. What is g(8)?
10
Let u(j) = j**2 + 6*j + 5. Calculate u(-7).
12
Let q(i) = -i**3 + 6*i**2 - 7*i + 9. Determine q(5).
-1
Let o(j) = -12*j + 9. What is o(-6)?
81
Let p(y) = 122*y - 3. Calculate p(1).
119
Let j(h) = 2*h - 155. Give j(78).
1
Let p(l) = -l**3 - 8*l**2 - 11*l - 13. Give p(-7).
15
Let x(r) = 2*r**3 - 2*r**2 - r - 1. Give x(3).
32
Let t(n) = 9*n - 37. What is t(11)?
62
Let z(t) = t**2 + 14*t + 6. Give z(-6).
-42
Let h(a) = 2*a - 1. What is h(-5)?
-11
Let m(u) = -u**2 - 9*u - 4. Calculate m(-6).
14
Let o(z) = 8*z**2 + 5*z + 3. What is o(-2)?
25
Let p(o) = -o**2 + o. What is p(-5)?
-30
Let m(i) = -i**3 + 12*i**2 - 20*i - 3. Give m(10).
-3
Let d(c) = 2*c + 9. Determine d(9).
27
Let k(x) = -4*x + 14. Calculate k(7).
-14
Let c(y) = y**3 + 6*y**2 + 4*y - 2. Determine c(-5).
3
Let z(u) = -u**2 - 16*u + 28. What is z(4)?
-52
Let s(r) = -r**2 - 2*r - 2. Give s(-3).
-5
Let g(y) = 7*y**3 - 3*y**2 + 2*y - 1. Calculate g(1).
5
Let k(m) = m**3 - 6*m**2 + m - 4. What is k(6)?
2
Let g(f) = f**3 - 14*f**2 + 15*f - 31. What is g(13)?
-5
Let m(q) = -2*q**2 + 29*q - 99. What is m(8)?
5
Let k(g) = g**2 + 7*g + 1. Determine k(-3).
-11
Let o(y) = -5*y - 16. What is o(-3)?
-1
Let j(f) = f**3 - f**2 + 2*f - 4. What is j(2)?
4
Let r(f) = f**3 + 6*f**2 - 8*f - 17. What is r(-7)?
-10
Let y(i) = 7*i - 2. Calculate y(4).
26
Let c(k) = -k**2 + 5*k + 8. Give c(0).
8
Let k(u) = 24*u + 100. Give k(-4).
4
Let t(a) = 3*a + 6. Calculate t(-11).
-27
Let t(q) = -6*q - 6. Determine t(5).
-36
Let b(m) = -m**2 - 14*m - 57. Determine b(-8).
-9
Let z(s) = 2*s**2 - 14*s - 11. What is z(11)?
77
Let m(y) = y**3 + 5*y**2 + 2*y + 6. Determine m(-5).
-4
Let n(w) = -w**3 + w**2 + w - 2. Give n(0).
-2
Let p(g) = -15*g - 9. What is p(-4)?
51
Let m(q) = q**3 - 6*q**2 - 2*q - 4. Calculate m(6).
-16
Let f(k) = k**3 - 3*k**2 - 4*k + 4. What is f(3)?
-8
Let f(o) = -62*o + 491. What is f(8)?
-5
Let x(c) = -c**3 + 16*c**2 - 8. Determine x(0).
-8
Let y(h) = h**2 + 7*h - 3. Calculate y(-8).
5
Let o(b) = -b**2 + 23*b + 55. Determine o(26).
-23
Let o(i) = i**2 + 13*i + 15. What is o(-10)?
-15
Let x(s) = -16*s**2 - s - 1. Determine x(-1).
-16
Let h(z) = z**3 + 11*z**2 + 16*z - 16. What is h(-9)?
2
Let k(g) = 14*g**2 - 25*g. Determine k(2).
6
Let m(a) = a**2 - 62*a - 195. Determine m(65).
0
Let y(h) = -7*h - 30. Determine y(-9).
33
Let v(s) = -s**2 - 17*s + 280. What is v(10)?
10
Let s(m) = 6*m**3 + 9*m**2 - 2*m - 3. Give s(-1).
2
Let v(s) = s**2 - 36*s + 6. Give v(0).
6
Let b(n) = n**2 - 22*n - 22. Give b(-1).
1
Let g(s) = -s**3 + 13*s**2 - s. Determine g(13).
-13
Let r(l) = -2*l**2 + 29*l - 100. Give r(7).
5
Let f(z) = -22*z - 292. Calculate f(-13).
-6
Let g(a) = -a**3 + 21*a**2 + 23*a - 22. Determine g(22).
0
Let w(x) = -x + 1. Determine w(-5).
6
Let r(c) = -c**2 - 19*c - 92. Give r(-8).
-4
Let a(j) = -2*j**2 + 2*j - 7. Calculate a(0).
-7
Let y(m) = -m**3 + 4*m**2 - 5*m - 4. Determine y(4).
-24
Let l(f) = 6*f - 1. What is l(2)?
11
Let b(y) = -2*y**2 + 41*y - 21. What is b(20)?
-1
Let m(q) = q**2 + 6*q - 2. Determine m(-7).
5
Let q(y) = -y**3 + 2*y**2 - y + 4. Give q(-3).
52
Let f(u) = -31*u**2 + u - 1. Determine f(1).
-31
Let l(q) = -5*q + 20. Calculate l(5).
-5
Let i(x) = -x + 5. Give i(8).
-3
Let k(u) = 3*u**2 - 32*u + 22. What is k(10)?
2
Let c(a) = a**3 + 10*a**2 + 2*a + 6. Determine c(-10).
-14
Let u(d) = 9*d + 8. Calculate u(-2).
-10
Let n(l) = -l**2 + 164*l + 1733. Give n(-10).
-7
Let a(k) = 33*k - 293. Calculate a(9).
4
Let s(w) = w**3 + 5*w**2 - 8*w - 14. What is s(-6)?
-2
Let m(w) = 7*w - 218. Calculate m(31).
-1
Let g(h) = 3*h - 80. Give g(15).
-35
Let v(c) = -46*c + 37. Calculate v(3).
-101
Let y(x) = x**2 - 2*x + 20. Calculate y(0).
20
Let u(l) = -l**2 - 9*l - 7. Determine u(-8).
1
Let b(s) = -2*s**2 + 15*s - 12. Give b(8).
-20
Let i(a) = a**3 - 18*a**2 - 2*a + 26. Calculate i(18).
-10
Let o(y) = -y + 18. Determine o(7).
11
Let m(s) = s**3 - 2*s + 2. Give m(3).
23
Let h(v) = v**3 - 25*v**2 + 42*v + 24. Give h(23).
-68
Let l(i) = 3*i**3 + i - 8. Give l(2).
18
Let i(d) = d**2 + 4*d - 26. What is i(3)?
-5
Let c(s) = -s**3 + s**2 + 2*s - 2. Determine c(2).
-2
Let v(b) = b**2 + 7*b + 6. What is v(-4)?
-6
Let w(c) = -c - 15. Give w(-17).
2
Let g(q) = 2*q**3 + 3*q**2 + 7*q + 2. Calculate g(-3).
-46
Let c(r) = -r**3 - 11*r**2 - 21*r - 21. Calculate c(-9).
6
Let l(i) = -3*i**2 - 17*i - 42. Give l(-6).
-48
Let k(c) = -2*c**2 - 30*c - 114. Give k(-8).
-2
Let u(c) = 2*c - 1. Determine u(-4).
-9
Let o(v) = -v**3 - 21*v**2 - 17*v - 11. What is o(-20)?
-71
Let g(k) = -k**2 + 3*k + 3. What is g(4)?
-1
Let g(q) = q**2 - 13*q + 4. Calculate g(13).
4
Let t(a) = 12*a**2 + 3. Give t(2).
51
Let m(t) = -t**3 + 14*t**2 + 90*t - 1132. Calculate m(15).
-7
Let t(k) = k**2 - 5*k + 2. What is t(6)?
8
Let r(a) = -9*a. What is r(4)?
-36
Let c(f) = 4*f**2 - 63*f - 13. Determine c(16).
3
Let z(q) = -q**2 - 16*q - 68. Give z(-12).
-20
Let f(s) = 2*s + 16. What is f(-5)?
6
Let a(v) = -2*v - 6. Determine a(-6).
6
Let h(c) = 2*c**2 + 37*c + 25. Give h(-19).
44
Let l(t) = t**2 + 7*t - 11. Determine l(-9).
7
Let d(a) = a**3 - 6*a**2 - 11*a + 9. Give d(7).
-19
Let r(n) = n**3 - 4*n**2 - 2*n - 5. Determine r(5).
10
Let q(c) = -c**3 - 27*c**2 + 2*c + 41. Give q(-27).
-13
Let f(p) = 2*p + 21. What is f(0)?
21
Let l(c) = 2*c**2 + 9*c - 33. Calculate l(3).
12
Let j(p) = -p**3 + 9*p**2 - 11*p - 1. Give j(8).
-25
Let h(f) = -f**3 - 11*f**2 + 7*f - 17. What is h(-12)?
43
Let h(a) = 8*a - 16. Give h(13).
88
Let h(i) = -3*i**2 + 6*i + 6. Give h(5).
-39
Let z(q) = -20*q**3 + 3*q**2 - 2. Determine z(-1).
21
Let v(a) = -64*a**3 - a. Give v(1).
-65
Let k(g) = 8*g + 77. What is k(-9)?
5
Let f(l) = l**2 - 2*l + 1. What is f(3)?
4
Let v(h) = 5*h - 238. Give v(46).
-8
Let v(d) = -16*d + 60. Give v(4).
-4
Let f(x) = x**3 + 8*x**2 + 2*x + 9. Calculate f(-8).
-7
Let r(f) = f**3 - 8*f**2 + 6. Determine r(8).
6
Let y(w) = w**2 - 47*w + 165. Give y(43).
-7
Let s(n) = 104*n + 626. Calculate s(-6).
2
Let c(k) = -k**2 + 11*k - 11. Calculate c(8).
13
Let z(r) = 13*r - 59. Calculate z(5).
6
Let j(i) = i**2 + 12*i. Give j(-12).
0
Let n(t) = 2*t**2 + 19*t + 44. What is n(-4)?
0
Let o(j) = -14*j - 37. What is o(-4)?
19
Let h(w) = 2*w**2 + w - 10. Determine h(-5).
35
Let h(g) = -10*g**3 + 3*g**2 + 10*g + 3. Determine h(-2).
75
Let f(d) = d**3 - 28*d**2 - 59*d - 11. What is f(30)?
19
Let t(w) = 23*w + 4. Calculate t(-1).
-19
Let h(a) = -a**2 + 5*a + 9. What is h(7)?
-5
Let b(h) = h**3 - 2*h - 31. Give b(0).
-31
Let n(c) = c**3 - 15*c**2 + 16*c - 8. Determine n(14).
20
Let f(y) = 2*y**2 + 51*y + 54. Calculate f(-24).
-18
Let a(c) = c**3 + 6*c**2 - 4*c - 15. What is a(-6)?
9
Let s(o) = -o**2 